{"id":12,"date":"2020-05-11T14:58:05","date_gmt":"2020-05-11T14:58:05","guid":{"rendered":"https:\/\/kuechenstudio-haeuptle.de\/?page_id=12"},"modified":"2026-03-26T05:48:04","modified_gmt":"2026-03-26T05:48:04","slug":"kontakt","status":"publish","type":"page","link":"https:\/\/kuechenstudio-haeuptle.de\/?page_id=12","title":{"rendered":"Kontakt"},"content":{"rendered":"\n<h2 class=\"wp-block-heading has-text-color\" style=\"color:#82be4c\">\u00d6ffnungszeiten<\/h2>\n\n\n\n<p>Wir sind f\u00fcr Sie da, in B\u00fcro und Ausstellung:<\/p>\n\n\n\n<figure class=\"wp-block-table\"><table><tbody><tr><td>Dienstag bis Freitag&nbsp;<\/td><td>9.30 &#8211; 12.30 Uhr und<br>13.30 &#8211; 18.30 Uhr<\/td><\/tr><tr><td>Samstag<\/td><td>9.00 &#8211; 14.00 Uhr<\/td><\/tr><\/tbody><\/table><\/figure>\n\n\n\n<p>Auch au\u00dferhalb dieser Zeiten beraten wir Sie gerne nach Terminvereinbarung, nat\u00fcrlich auch bei Ihnen zu Hause.<\/p>\n\n\n\n<h2 class=\"wp-block-heading has-text-color\" style=\"color:#82be4c\">Kontakt<\/h2>\n\n\n\n<p>K\u00fcchenstudio H\u00e4uptle<br>Ulmer Stra\u00dfe 11<br>89155 Erbach-Dellmensingen<\/p>\n\n\n\n<p>Telefon: 07305-8169<br>Fax: 07305-23656<\/p>\n\n\n\n<p><a href=\"mailto:karl@kuechenstudio-haeuptle.de\">karl@kuechenstudio-haeuptle.de<\/a><\/p>\n\n\n\n<p><\/p>\n\n\n\n<figure><iframe loading=\"lazy\" src=\"https:\/\/www.google.com\/maps\/embed?pb=!1m18!1m12!1m3!1d2653.950024854282!2d9.899437316196432!3d48.3038125792369!2m3!1f0!2f0!3f0!3m2!1i1024!2i768!4f13.1!3m3!1m2!1s0x479962645fbcf4d3%3A0xdf7088cc7dc027f7!2sK%C3%BCchenstudio%20H%C3%A4uptle%20-%20Ma%C3%9Fgeschneiderte%20Wohntr%C3%A4ume!5e0!3m2!1sde!2sde!4v1589213100584!5m2!1sde!2sde\" width=\"900\" height=\"450\" allowfullscreen=\"\"><\/iframe><\/figure>\n\n\n\n<h2 class=\"wp-block-heading has-text-color\" style=\"color:#82be4c\">Virtueller Rundgang<\/h2>\n\n\n\n<iframe loading=\"lazy\" align=\"middle\" frameborder=\"0\" height=\"555\" scrolling=\"no\" src=\"https:\/\/balboabusiness.de\/kuechenstudio-haeuptle\/index.html\" width=\"720\"><\/iframe>\n","protected":false},"excerpt":{"rendered":"<p>\u00d6ffnungszeiten Wir sind f\u00fcr Sie da, in B\u00fcro und Ausstellung: Dienstag bis Freitag&nbsp; 9.30 &#8211; 12.30 Uhr und13.30 &#8211; 18.30 Uhr Samstag 9.00 &#8211; 14.00 Uhr Auch au\u00dferhalb dieser Zeiten beraten wir Sie gerne nach Terminvereinbarung, nat\u00fcrlich auch bei Ihnen zu Hause. Kontakt K\u00fcchenstudio H\u00e4uptleUlmer Stra\u00dfe 1189155 Erbach-Dellmensingen Telefon: 07305-8169Fax: 07305-23656 karl@kuechenstudio-haeuptle.de Virtueller Rundgang<\/p>\n","protected":false},"author":1,"featured_media":0,"parent":0,"menu_order":0,"comment_status":"closed","ping_status":"closed","template":"","meta":{"footnotes":""},"class_list":["post-12","page","type-page","status-publish","hentry"],"_links":{"self":[{"href":"https:\/\/kuechenstudio-haeuptle.de\/index.php?rest_route=\/wp\/v2\/pages\/12","targetHints":{"allow":["GET"]}}],"collection":[{"href":"https:\/\/kuechenstudio-haeuptle.de\/index.php?rest_route=\/wp\/v2\/pages"}],"about":[{"href":"https:\/\/kuechenstudio-haeuptle.de\/index.php?rest_route=\/wp\/v2\/types\/page"}],"author":[{"embeddable":true,"href":"https:\/\/kuechenstudio-haeuptle.de\/index.php?rest_route=\/wp\/v2\/users\/1"}],"replies":[{"embeddable":true,"href":"https:\/\/kuechenstudio-haeuptle.de\/index.php?rest_route=%2Fwp%2Fv2%2Fcomments&post=12"}],"version-history":[{"count":11,"href":"https:\/\/kuechenstudio-haeuptle.de\/index.php?rest_route=\/wp\/v2\/pages\/12\/revisions"}],"predecessor-version":[{"id":630,"href":"https:\/\/kuechenstudio-haeuptle.de\/index.php?rest_route=\/wp\/v2\/pages\/12\/revisions\/630"}],"wp:attachment":[{"href":"https:\/\/kuechenstudio-haeuptle.de\/index.php?rest_route=%2Fwp%2Fv2%2Fmedia&parent=12"}],"curies":[{"name":"wp","href":"https:\/\/api.w.org\/{rel}","templated":true}]}}