{"id":29,"date":"2020-05-11T14:58:05","date_gmt":"2020-05-11T14:58:05","guid":{"rendered":"https:\/\/kuechenstudio-haeuptle.de\/?page_id=29"},"modified":"2024-09-13T07:21:05","modified_gmt":"2024-09-13T07:21:05","slug":"marken","status":"publish","type":"page","link":"https:\/\/kuechenstudio-haeuptle.de\/?page_id=29","title":{"rendered":"Markenwelt"},"content":{"rendered":"\n<p>Wir setzen auf Qualit\u00e4t und arbeiten daher nur mit sorgf\u00e4ltig ausgew\u00e4hlten Herstellern zusammen. In einer umfassenden Beratung finden wir gemeinsam mit Ihnen heraus, welche Marke Ihren Bed\u00fcrfnissen am besten gerecht wird.   <\/p>\n\n\n\n<div class=\"wp-block-columns is-layout-flex wp-container-core-columns-is-layout-9d6595d7 wp-block-columns-is-layout-flex\">\n<div class=\"wp-block-column is-layout-flow wp-block-column-is-layout-flow\" style=\"flex-basis:100%\">\n<div class=\"wp-block-columns is-layout-flex wp-container-core-columns-is-layout-9d6595d7 wp-block-columns-is-layout-flex\">\n<div class=\"wp-block-column is-layout-flow wp-block-column-is-layout-flow\" style=\"flex-basis:100%\">\n<figure class=\"wp-block-gallery has-nested-images columns-default is-cropped wp-block-gallery-1 is-layout-flex wp-block-gallery-is-layout-flex\">\n<figure class=\"wp-block-image size-large\"><img loading=\"lazy\" decoding=\"async\" width=\"170\" height=\"95\" data-id=\"454\" src=\"https:\/\/kuechenstudio-haeuptle.de\/wp-content\/uploads\/2020\/05\/Apla-neu.jpg\" alt=\"\" class=\"wp-image-454\"\/><\/figure>\n\n\n\n<figure class=\"wp-block-image size-large\"><img loading=\"lazy\" decoding=\"async\" width=\"170\" height=\"95\" data-id=\"100\" src=\"https:\/\/kuechenstudio-haeuptle.de\/wp-content\/uploads\/2020\/05\/berbel.jpg\" alt=\"\" class=\"wp-image-100\"\/><\/figure>\n\n\n\n<figure class=\"wp-block-image size-large\"><img loading=\"lazy\" decoding=\"async\" width=\"170\" height=\"95\" data-id=\"104\" src=\"https:\/\/kuechenstudio-haeuptle.de\/wp-content\/uploads\/2020\/05\/blanco.jpg\" alt=\"\" class=\"wp-image-104\"\/><\/figure>\n\n\n\n<figure class=\"wp-block-image size-large\"><img loading=\"lazy\" decoding=\"async\" width=\"170\" height=\"95\" data-id=\"105\" src=\"https:\/\/kuechenstudio-haeuptle.de\/wp-content\/uploads\/2020\/05\/bora.jpg\" alt=\"\" class=\"wp-image-105\"\/><\/figure>\n\n\n\n<figure class=\"wp-block-image size-large\"><img loading=\"lazy\" decoding=\"async\" width=\"170\" height=\"95\" data-id=\"103\" src=\"https:\/\/kuechenstudio-haeuptle.de\/wp-content\/uploads\/2020\/05\/corpet.jpg\" alt=\"\" class=\"wp-image-103\"\/><\/figure>\n\n\n\n<figure class=\"wp-block-image size-large\"><img loading=\"lazy\" decoding=\"async\" width=\"170\" height=\"95\" data-id=\"106\" src=\"https:\/\/kuechenstudio-haeuptle.de\/wp-content\/uploads\/2020\/05\/eisinger.jpg\" alt=\"\" class=\"wp-image-106\"\/><\/figure>\n\n\n\n<figure class=\"wp-block-image size-large\"><img loading=\"lazy\" decoding=\"async\" width=\"170\" height=\"95\" data-id=\"107\" src=\"https:\/\/kuechenstudio-haeuptle.de\/wp-content\/uploads\/2020\/05\/elica.jpg\" alt=\"\" class=\"wp-image-107\"\/><\/figure>\n\n\n\n<figure class=\"wp-block-image size-large\"><img loading=\"lazy\" decoding=\"async\" width=\"1067\" height=\"600\" data-id=\"617\" src=\"https:\/\/kuechenstudio-haeuptle.de\/wp-content\/uploads\/2024\/09\/Falmec1-edited-1.png\" alt=\"\" class=\"wp-image-617\" srcset=\"https:\/\/kuechenstudio-haeuptle.de\/wp-content\/uploads\/2024\/09\/Falmec1-edited-1.png 1067w, https:\/\/kuechenstudio-haeuptle.de\/wp-content\/uploads\/2024\/09\/Falmec1-edited-1-300x169.png 300w, https:\/\/kuechenstudio-haeuptle.de\/wp-content\/uploads\/2024\/09\/Falmec1-edited-1-1024x576.png 1024w, https:\/\/kuechenstudio-haeuptle.de\/wp-content\/uploads\/2024\/09\/Falmec1-edited-1-768x432.png 768w\" sizes=\"auto, (max-width: 706px) 89vw, (max-width: 767px) 82vw, 740px\" \/><\/figure>\n\n\n\n<figure class=\"wp-block-image size-large\"><img loading=\"lazy\" decoding=\"async\" width=\"170\" height=\"95\" data-id=\"108\" src=\"https:\/\/kuechenstudio-haeuptle.de\/wp-content\/uploads\/2020\/05\/franke.jpg\" alt=\"\" class=\"wp-image-108\"\/><\/figure>\n\n\n\n<figure class=\"wp-block-image size-large\"><img loading=\"lazy\" decoding=\"async\" width=\"170\" height=\"95\" data-id=\"109\" src=\"https:\/\/kuechenstudio-haeuptle.de\/wp-content\/uploads\/2020\/05\/gaggenau.jpg\" alt=\"\" class=\"wp-image-109\"\/><\/figure>\n\n\n\n<figure class=\"wp-block-image size-large\"><img loading=\"lazy\" decoding=\"async\" width=\"1024\" height=\"576\" data-id=\"611\" src=\"https:\/\/kuechenstudio-haeuptle.de\/wp-content\/uploads\/2024\/09\/Unbenannt-1-1024x576.png\" alt=\"\" class=\"wp-image-611\" srcset=\"https:\/\/kuechenstudio-haeuptle.de\/wp-content\/uploads\/2024\/09\/Unbenannt-1-1024x576.png 1024w, https:\/\/kuechenstudio-haeuptle.de\/wp-content\/uploads\/2024\/09\/Unbenannt-1-300x169.png 300w, https:\/\/kuechenstudio-haeuptle.de\/wp-content\/uploads\/2024\/09\/Unbenannt-1-768x432.png 768w, https:\/\/kuechenstudio-haeuptle.de\/wp-content\/uploads\/2024\/09\/Unbenannt-1-1536x864.png 1536w, https:\/\/kuechenstudio-haeuptle.de\/wp-content\/uploads\/2024\/09\/Unbenannt-1.png 1920w\" sizes=\"auto, (max-width: 706px) 89vw, (max-width: 767px) 82vw, 740px\" \/><\/figure>\n\n\n\n<figure class=\"wp-block-image size-large\"><img loading=\"lazy\" decoding=\"async\" width=\"170\" height=\"95\" data-id=\"111\" src=\"https:\/\/kuechenstudio-haeuptle.de\/wp-content\/uploads\/2020\/05\/kwc.jpg\" alt=\"\" class=\"wp-image-111\"\/><\/figure>\n\n\n\n<figure class=\"wp-block-image size-large\"><img loading=\"lazy\" decoding=\"async\" width=\"170\" height=\"95\" data-id=\"112\" src=\"https:\/\/kuechenstudio-haeuptle.de\/wp-content\/uploads\/2020\/05\/lapalma.jpg\" alt=\"\" class=\"wp-image-112\"\/><\/figure>\n\n\n\n<figure class=\"wp-block-image size-large\"><img loading=\"lazy\" decoding=\"async\" width=\"170\" height=\"95\" data-id=\"114\" src=\"https:\/\/kuechenstudio-haeuptle.de\/wp-content\/uploads\/2020\/05\/liebherr.jpg\" alt=\"\" class=\"wp-image-114\"\/><\/figure>\n\n\n\n<figure class=\"wp-block-image size-large\"><img loading=\"lazy\" decoding=\"async\" width=\"170\" height=\"95\" data-id=\"451\" src=\"https:\/\/kuechenstudio-haeuptle.de\/wp-content\/uploads\/2020\/05\/Miele_neu.jpg\" alt=\"\" class=\"wp-image-451\"\/><\/figure>\n\n\n\n<figure class=\"wp-block-image size-large\"><img loading=\"lazy\" decoding=\"async\" width=\"170\" height=\"95\" data-id=\"117\" src=\"https:\/\/kuechenstudio-haeuptle.de\/wp-content\/uploads\/2020\/05\/neff.jpg\" alt=\"\" class=\"wp-image-117\"\/><\/figure>\n\n\n\n<figure class=\"wp-block-image size-large\"><img loading=\"lazy\" decoding=\"async\" width=\"170\" height=\"95\" data-id=\"116\" src=\"https:\/\/kuechenstudio-haeuptle.de\/wp-content\/uploads\/2020\/05\/naber.jpg\" alt=\"\" class=\"wp-image-116\"\/><\/figure>\n\n\n\n<figure class=\"wp-block-image size-large\"><img loading=\"lazy\" decoding=\"async\" width=\"170\" height=\"95\" data-id=\"118\" src=\"https:\/\/kuechenstudio-haeuptle.de\/wp-content\/uploads\/2020\/05\/nolte.jpg\" alt=\"\" class=\"wp-image-118\"\/><\/figure>\n\n\n\n<figure class=\"wp-block-image size-large\"><img loading=\"lazy\" decoding=\"async\" width=\"170\" height=\"95\" data-id=\"119\" src=\"https:\/\/kuechenstudio-haeuptle.de\/wp-content\/uploads\/2020\/05\/oranier.jpg\" alt=\"\" class=\"wp-image-119\"\/><\/figure>\n\n\n\n<figure class=\"wp-block-image size-large\"><img loading=\"lazy\" decoding=\"async\" width=\"170\" height=\"95\" data-id=\"452\" src=\"https:\/\/kuechenstudio-haeuptle.de\/wp-content\/uploads\/2020\/05\/Reginox_neun.jpg\" alt=\"\" class=\"wp-image-452\"\/><\/figure>\n\n\n\n<figure class=\"wp-block-image size-large\"><img loading=\"lazy\" decoding=\"async\" width=\"170\" height=\"95\" data-id=\"120\" src=\"https:\/\/kuechenstudio-haeuptle.de\/wp-content\/uploads\/2020\/05\/quooker.jpg\" alt=\"\" class=\"wp-image-120\"\/><\/figure>\n\n\n\n<figure class=\"wp-block-image size-large\"><img loading=\"lazy\" decoding=\"async\" width=\"170\" height=\"95\" data-id=\"122\" src=\"https:\/\/kuechenstudio-haeuptle.de\/wp-content\/uploads\/2020\/05\/ronaldschmitt.jpg\" alt=\"\" class=\"wp-image-122\"\/><\/figure>\n\n\n\n<figure class=\"wp-block-image size-large\"><img loading=\"lazy\" decoding=\"async\" width=\"170\" height=\"95\" data-id=\"123\" src=\"https:\/\/kuechenstudio-haeuptle.de\/wp-content\/uploads\/2020\/05\/sachsen.jpg\" alt=\"\" class=\"wp-image-123\"\/><\/figure>\n\n\n\n<figure class=\"wp-block-image size-large\"><img loading=\"lazy\" decoding=\"async\" width=\"170\" height=\"95\" data-id=\"124\" src=\"https:\/\/kuechenstudio-haeuptle.de\/wp-content\/uploads\/2020\/05\/schoesswender.jpg\" alt=\"\" class=\"wp-image-124\"\/><\/figure>\n\n\n\n<figure class=\"wp-block-image size-large\"><img loading=\"lazy\" decoding=\"async\" width=\"170\" height=\"95\" data-id=\"125\" src=\"https:\/\/kuechenstudio-haeuptle.de\/wp-content\/uploads\/2020\/05\/schock-neu.jpg\" alt=\"\" class=\"wp-image-125\"\/><\/figure>\n\n\n\n<figure class=\"wp-block-image size-large\"><img loading=\"lazy\" decoding=\"async\" width=\"170\" height=\"95\" data-id=\"351\" src=\"https:\/\/kuechenstudio-haeuptle.de\/wp-content\/uploads\/2020\/05\/silestone.jpg\" alt=\"\" class=\"wp-image-351\"\/><\/figure>\n\n\n\n<figure class=\"wp-block-image size-large\"><img loading=\"lazy\" decoding=\"async\" width=\"1024\" height=\"576\" data-id=\"619\" src=\"https:\/\/kuechenstudio-haeuptle.de\/wp-content\/uploads\/2024\/09\/Silverline1-1024x576.png\" alt=\"\" class=\"wp-image-619\" srcset=\"https:\/\/kuechenstudio-haeuptle.de\/wp-content\/uploads\/2024\/09\/Silverline1-1024x576.png 1024w, https:\/\/kuechenstudio-haeuptle.de\/wp-content\/uploads\/2024\/09\/Silverline1-300x169.png 300w, https:\/\/kuechenstudio-haeuptle.de\/wp-content\/uploads\/2024\/09\/Silverline1-768x432.png 768w, https:\/\/kuechenstudio-haeuptle.de\/wp-content\/uploads\/2024\/09\/Silverline1-1536x864.png 1536w, https:\/\/kuechenstudio-haeuptle.de\/wp-content\/uploads\/2024\/09\/Silverline1.png 1920w\" sizes=\"auto, (max-width: 706px) 89vw, (max-width: 767px) 82vw, 740px\" \/><\/figure>\n\n\n\n<figure class=\"wp-block-image size-large\"><img loading=\"lazy\" decoding=\"async\" width=\"170\" height=\"95\" data-id=\"352\" src=\"https:\/\/kuechenstudio-haeuptle.de\/wp-content\/uploads\/2020\/05\/speedmaster.jpg\" alt=\"\" class=\"wp-image-352\"\/><\/figure>\n\n\n\n<figure class=\"wp-block-image size-large\"><img loading=\"lazy\" decoding=\"async\" width=\"170\" height=\"95\" data-id=\"353\" src=\"https:\/\/kuechenstudio-haeuptle.de\/wp-content\/uploads\/2020\/05\/systemceram.jpg\" alt=\"\" class=\"wp-image-353\"\/><\/figure>\n\n\n\n<figure class=\"wp-block-image size-large\"><img loading=\"lazy\" decoding=\"async\" width=\"170\" height=\"95\" data-id=\"127\" src=\"https:\/\/kuechenstudio-haeuptle.de\/wp-content\/uploads\/2020\/05\/villeroy.jpg\" alt=\"\" class=\"wp-image-127\"\/><\/figure>\n\n\n\n<figure class=\"wp-block-image size-large\"><img loading=\"lazy\" decoding=\"async\" width=\"1024\" height=\"576\" data-id=\"620\" src=\"https:\/\/kuechenstudio-haeuptle.de\/wp-content\/uploads\/2024\/09\/WS1-1024x576.png\" alt=\"\" class=\"wp-image-620\" srcset=\"https:\/\/kuechenstudio-haeuptle.de\/wp-content\/uploads\/2024\/09\/WS1-1024x576.png 1024w, https:\/\/kuechenstudio-haeuptle.de\/wp-content\/uploads\/2024\/09\/WS1-300x169.png 300w, https:\/\/kuechenstudio-haeuptle.de\/wp-content\/uploads\/2024\/09\/WS1-768x432.png 768w, https:\/\/kuechenstudio-haeuptle.de\/wp-content\/uploads\/2024\/09\/WS1-1536x864.png 1536w, https:\/\/kuechenstudio-haeuptle.de\/wp-content\/uploads\/2024\/09\/WS1.png 1920w\" sizes=\"auto, (max-width: 706px) 89vw, (max-width: 767px) 82vw, 740px\" \/><\/figure>\n\n\n\n<figure class=\"wp-block-image size-large\"><img loading=\"lazy\" decoding=\"async\" width=\"170\" height=\"95\" data-id=\"129\" src=\"https:\/\/kuechenstudio-haeuptle.de\/wp-content\/uploads\/2020\/05\/wann.jpg\" alt=\"\" class=\"wp-image-129\"\/><\/figure>\n\n\n\n<figure class=\"wp-block-image size-large\"><img loading=\"lazy\" decoding=\"async\" width=\"170\" height=\"95\" data-id=\"130\" src=\"https:\/\/kuechenstudio-haeuptle.de\/wp-content\/uploads\/2020\/05\/wsp.jpg\" alt=\"\" class=\"wp-image-130\"\/><\/figure>\n<\/figure>\n<\/div>\n<\/div>\n<\/div>\n<\/div>\n\n\n\n<p><\/p>\n","protected":false},"excerpt":{"rendered":"<p>Wir setzen auf Qualit\u00e4t und arbeiten daher nur mit sorgf\u00e4ltig ausgew\u00e4hlten Herstellern zusammen. In einer umfassenden Beratung finden wir gemeinsam mit Ihnen heraus, welche Marke Ihren Bed\u00fcrfnissen am besten gerecht wird.<\/p>\n","protected":false},"author":1,"featured_media":0,"parent":0,"menu_order":0,"comment_status":"closed","ping_status":"closed","template":"","meta":{"footnotes":""},"class_list":["post-29","page","type-page","status-publish","hentry"],"_links":{"self":[{"href":"https:\/\/kuechenstudio-haeuptle.de\/index.php?rest_route=\/wp\/v2\/pages\/29","targetHints":{"allow":["GET"]}}],"collection":[{"href":"https:\/\/kuechenstudio-haeuptle.de\/index.php?rest_route=\/wp\/v2\/pages"}],"about":[{"href":"https:\/\/kuechenstudio-haeuptle.de\/index.php?rest_route=\/wp\/v2\/types\/page"}],"author":[{"embeddable":true,"href":"https:\/\/kuechenstudio-haeuptle.de\/index.php?rest_route=\/wp\/v2\/users\/1"}],"replies":[{"embeddable":true,"href":"https:\/\/kuechenstudio-haeuptle.de\/index.php?rest_route=%2Fwp%2Fv2%2Fcomments&post=29"}],"version-history":[{"count":20,"href":"https:\/\/kuechenstudio-haeuptle.de\/index.php?rest_route=\/wp\/v2\/pages\/29\/revisions"}],"predecessor-version":[{"id":621,"href":"https:\/\/kuechenstudio-haeuptle.de\/index.php?rest_route=\/wp\/v2\/pages\/29\/revisions\/621"}],"wp:attachment":[{"href":"https:\/\/kuechenstudio-haeuptle.de\/index.php?rest_route=%2Fwp%2Fv2%2Fmedia&parent=29"}],"curies":[{"name":"wp","href":"https:\/\/api.w.org\/{rel}","templated":true}]}}